s the greatest common factor of 100 and d?
10
Let f(j) = j**3 + 7*j**2 + 3*j - 8. Let m be f(-5). Calculate the greatest common factor of m and 72.
9
Let o = -14 - -47. Suppose -3*w = 5*q - 232, 13*q = 8*q - w + 224. What is the greatest common divisor of q and o?
11
Let k be (14 - (-2 - 0)) + -2. Let n = k - 6. Let h = 232 - 220. Calculate the greatest common divisor of n and h.
4
Let p be 0 - (-2 + 66/(-3)). Suppose 0 = -t - 2*o + 6 + 11, 4*t = 3*o + p. Calculate the highest common divisor of 27 and t.
9
Let z = 4 - -21. Let m = -1049 - -1054. What is the greatest common factor of z and m?
5
Let v be 4/10 + 126/10. Suppose -32 = -a - 3*l + 30, l = -3*a + 194. What is the greatest common divisor of v and a?
13
Suppose 5*d - 548 - 442 = 4*a, -5*d + 3*a + 990 = 0. Let x be ((-28)/(-12))/(3/d). Suppose 5*b - 881 - x = 0. Calculate the greatest common factor of 23 and b.
23
Suppose -12*k = -9*k - 87. Let j = 81 + k. What is the greatest common divisor of j and 22?
22
Let x = -308 - -334. What is the highest common divisor of 52 and x?
26
Suppose -s + 3*j + 46 = 5*j, 0 = -5*s - 5*j + 255. Let c be s/1 - -4*5/(-20). Calculate the greatest common factor of 22 and c.
11
Let b = -449 + 467. Calculate the highest common divisor of 72 and b.
18
Let j(d) = d**2 + d - 18. Let x be j(5). Suppose 0*s - b + 659 = 5*s, 3*s - 393 = -3*b. Calculate the highest common divisor of s and x.
12
Suppose -4*s + 5*s + 5*a = 3, -62 = -4*s + 5*a. Suppose 3*r - s = 2*r - l, 2*l - 6 = 0. Calculate the highest common divisor of r and 20.
10
Let o be 56 + (-4 - (-2 - 2)). Suppose 180 = 3*b + r - o, -4*r + 405 = 5*b. What is the highest common factor of 11 and b?
11
Let s(k) = -13*k - 75. Let g be s(-6). Let d = 1 + -1. Suppose -g*n = -4*z + 40, z - 4*n + 3 = -d*z. Calculate the highest common factor of 52 and z.
13
Let x be ((-24)/(-30))/((-6)/(-45)) - 0. Calculate the greatest common divisor of 222 and x.
6
Suppose -5*f = -3*u + 97, u + 4*u + f = 115. Calculate the highest common divisor of 408 and u.
24
Suppose 11 = 3*y - 664. Suppose 2*p = 171 + y. What is the greatest common factor of p and 18?
18
Let i be (-157 - -77)*10/(-2). What is the highest common divisor of 25 and i?
25
Let y(m) be the third derivative of m**6/120 - 19*m**5/60 - 3*m**4/4 - 2*m**3 + 2*m**2. Let z be y(20). What is the greatest common factor of 70 and z?
14
Suppose b + k - 76 = 86, 5*b - 4*k = 837. What is the greatest common factor of b and 198?
33
Let y be -8 + 7 + 3/(6/130). What is the greatest common factor of 240 and y?
16
Let b(f) = 33*f**2 + 1. Let u be b(-2). Suppose -u - 47 = -2*a. Suppose -w + 2*w = 5*y + a, -5*w = 4*y - 450. Calculate the highest common divisor of 10 and w.
10
Suppose x + 2348 = 5*p + 3*x, -3*p - 4*x = -1420. Suppose 0*y = 4*y - p. What is the highest common divisor of 13 and y?
13
Let u(j) = j**2 + j + 36. Let o be u(0). Let h = -14 + 8. Let p be (-55)/h - 6/o. What is the greatest common divisor of 72 and p?
9
Let v be ((-980)/(-16))/5 - 1/4. What is the highest common factor of v and 12?
12
Let d be 2 + (-1)/(-1) + (-3600)/(-16). Calculate the greatest common divisor of d and 76.
76
Suppose 0 = -14*z + 27*z - 455. Calculate the greatest common factor of z and 70.
35
Suppose -3*w = -r - 38 + 54, -3*w = 5*r - 44. Calculate the highest common factor of 1790 and r.
10
Let u be ((-774)/(-215))/((-34)/(-30) + -1). Calculate the greatest common divisor of 459 and u.
27
Suppose 3*x - 56 = -4*x. Suppose -7*r - 9 = -x*r. Calculate the greatest common divisor of r and 72.
9
Let z = -108 + 119. Let w = 9 - 6. Suppose w*n + 3 - 6 = 0. What is the highest common divisor of z and n?
1
Let g(l) = -l**3 + 6*l**2 + 15*l + 22. Let b be g(8). Calculate the highest common divisor of b and 784.
14
Let c be (-1)/(-13)*-2 - (-61467)/273. Calculate the greatest common divisor of 25 and c.
25
Let x = 162 - 146. Let d be 1539/12 - (-2)/(-8). Calculate the highest common divisor of x and d.
16
Suppose 0 = 6*i - 2*i + 32. Let b be 68/i*16/(-1). Let f(n) = -n**3 + 12*n**2 + 13*n + 17. Let a be f(13). What is the highest common divisor of a and b?
17
Suppose -3*a = -6*a + 24. Suppose -2*j - 1 + 17 = 0. What is the highest common factor of a and j?
8
Suppose 3*u + 10 = 8*u. Let j = 42 + 265. Suppose -3*x - u*n + j = 0, -x = x + 2*n - 208. What is the greatest common factor of x and 9?
9
Let r(f) = -2*f**3 - 2*f**2 + f. Let i be r(-2). Let u be (112/(-35))/(i/(-15)). Let p be 124/6 + 2/(-3). What is the greatest common divisor of u and p?
4
Let q = 183 - 175. Let b = -135 + 73. Let i = b + 94. What is the greatest common factor of q and i?
8
Let m be 2196/20*250/30. What is the highest common factor of m and 15?
15
Let d(u) = 2*u**2 + 15*u. Let j be d(-12). Suppose -3*x + x + 4*q = -146, -3*q + 174 = 2*x. What is the highest common factor of x and j?
27
Let y be (0 - 20)*(3 - 5). Suppose -4*z + 149 = -111. Suppose z*a + 5 = 66*a. Calculate the highest common divisor of a and y.
5
Let d be 5 - (-16 - 2 - -10). Let y be (-182)/(-6)*(-6)/(-2). Calculate the greatest common factor of d and y.
13
Let f = -2 - -15. Let c be ((-168)/(-384)*4)/((-2)/(-104)). What is the greatest common factor of c and f?
13
Suppose -51 = -8*t + 85. Calculate the greatest common factor of 34 and t.
17
Suppose 0 = -7*z - 388 + 1473. What is the highest common divisor of z and 496?
31
Let u be (2/(-3))/(8/(-12)). What is the greatest common divisor of 113 and u?
1
Let m = -775 + 859. What is the highest common divisor of 9 and m?
3
Let i(p) = -21*p - 61. Let v be i(-3). Let d(n) = n + 1. Let c be d(1). What is the highest common divisor of c and v?
2
Let z = 2560 - 1507. Calculate the highest common divisor of 78 and z.
39
Let l be (-1)/(-7 - 91/(-14)). Calculate the highest common factor of 34 and l.
2
Let n(v) = 6*v**2 + 218*v + 75. Let u be n(-36). Calculate the greatest common factor of u and 24.
3
Let p be (-6)/(((-153)/(-18))/(-17)). What is the greatest common factor of 12 and p?
12
Suppose -h - 4*q = -72, 4*h + 5*q = -56 + 388. Suppose -2*r = -7*r + 55. Calculate the highest common factor of h and r.
11
Suppose -4*i - 2*m = -146, -5*m + 18 = 3. Calculate the greatest common divisor of i and 385.
35
Suppose 150 = -2*b + 952. Let j = b + -275. Calculate the greatest common divisor of 14 and j.
14
Let m = -280 + 490. Suppose -9*x = -4*x - m. Calculate the highest common divisor of 6 and x.
6
Let c be (-1)/1 + (-652)/(-4). Let n = -1065 - -1083. Calculate the greatest common divisor of n and c.
18
Suppose 0 = -32*x + 28*x + 80. Calculate the highest common divisor of x and 130.
10
Let s = 13 - 17. Let w be 60*(1 + s/(-12)). Let v be (-18)/(-15)*(-40)/(-3). What is the greatest common divisor of v and w?
16
Suppose 53 = 3*t + 8. Suppose 25 = 4*z - t. Suppose -q = 4 - z. Calculate the highest common divisor of q and 54.
6
Let f = -28 + 46. Let a be ((-4)/6*3)/((-16)/504). Calculate the highest common factor of f and a.
9
Let f(y) = 4*y**2 - 9*y + 3. Let i = 17 - 9. Let v be f(i). Suppose -5*x + 9*m = 6*m - 94, 3*m + 9 = 0. What is the greatest common divisor of x and v?
17
Let j be 6/(-21) + 2/7. Suppose g = 3 - j. Suppose 0*x + 2*h = g*x - 241, -5*x + 400 = -3*h. Calculate the highest common divisor of x and 11.
11
Suppose -17*g = -12*g, 3*s - 246 = -4*g. What is the greatest common divisor of s and 1312?
82
Let s be (-6)/(-15) + 18/5. Let u be 19 + -2 + 4 + -3. Suppose -4*d = -d - u. Calculate the greatest common divisor of d and s.
2
Suppose -4*y + 5*y - 71 = 5*u, -3*y + 2*u = -161. What is the greatest common divisor of y and 595?
17
Suppose -j + 15 = 4*j, -5*h - 5*j = -355. What is the greatest common divisor of 8 and h?
4
Let d(x) = -x**2 - 11. Let f be d(6). Let r = -28 - 1. Let p = r - f. Calculate the highest common factor of p and 18.
18
Let v = -1590 + 1650. Calculate the greatest common factor of v and 885.
15
Suppose 5*b = -4*f + 206 + 445, f - b = 156. Suppose 0 = -2*s + 51 + f. Suppose 0 = -8*j + 5*j + s. What is the highest common factor of 14 and j?
7
Let k = 61 - 59. Suppose -3*q - q = 3*x - 32, 0 = -k*x + q + 36. Calculate the highest common divisor of 40 and x.
8
Let q be ((-154)/28)/(2/44*-1). Calculate the highest common divisor of q and 11.
11
Suppose -h = -2*g - 38, -8*h - 5*g + 205 = -3*h. What 